{"id":209,"date":"2020-12-29T15:26:34","date_gmt":"2020-12-29T15:26:34","guid":{"rendered":"https:\/\/www.haslauer.si\/dev\/?page_id=209"},"modified":"2021-01-16T13:41:42","modified_gmt":"2021-01-16T13:41:42","slug":"predstavitev-podjetja","status":"publish","type":"page","link":"https:\/\/www.haslauer.si\/dev\/predstavitev-podjetja\/","title":{"rendered":"Predstavitev"},"content":{"rendered":"\t\t<div data-elementor-type=\"wp-page\" data-elementor-id=\"209\" class=\"elementor elementor-209\" data-elementor-settings=\"[]\">\n\t\t\t\t\t\t<div class=\"elementor-inner\">\n\t\t\t\t\t\t\t<div class=\"elementor-section-wrap\">\n\t\t\t\t\t\t\t<section class=\"elementor-section elementor-top-section elementor-element elementor-element-1668d5b elementor-section-height-full elementor-section-boxed elementor-section-height-default elementor-section-items-middle\" data-id=\"1668d5b\" data-element_type=\"section\" data-settings=\"{&quot;background_background&quot;:&quot;gradient&quot;}\">\n\t\t\t\t\t\t\t<div class=\"elementor-background-overlay\"><\/div>\n\t\t\t\t\t\t\t<div class=\"elementor-container elementor-column-gap-default\">\n\t\t\t\t\t\t\t<div class=\"elementor-row\">\n\t\t\t\t\t<div class=\"elementor-column elementor-col-100 elementor-top-column elementor-element elementor-element-3b44d277\" data-id=\"3b44d277\" data-element_type=\"column\" data-settings=\"{&quot;background_background&quot;:&quot;gradient&quot;,&quot;animation&quot;:&quot;none&quot;}\">\n\t\t\t<div class=\"elementor-column-wrap elementor-element-populated\">\n\t\t\t\t\t<div class=\"elementor-background-overlay\"><\/div>\n\t\t\t\t\t\t\t<div class=\"elementor-widget-wrap\">\n\t\t\t\t\t\t<div class=\"elementor-element elementor-element-593adbe9 elementor-widget elementor-widget-spacer\" data-id=\"593adbe9\" data-element_type=\"widget\" data-widget_type=\"spacer.default\">\n\t\t\t\t<div class=\"elementor-widget-container\">\n\t\t\t\t\t<div class=\"elementor-spacer\">\n\t\t\t<div class=\"elementor-spacer-inner\"><\/div>\n\t\t<\/div>\n\t\t\t\t<\/div>\n\t\t\t\t<\/div>\n\t\t\t\t<div class=\"elementor-element elementor-element-7d52054 elementor-widget elementor-widget-heading\" data-id=\"7d52054\" data-element_type=\"widget\" data-widget_type=\"heading.default\">\n\t\t\t\t<div class=\"elementor-widget-container\">\n\t\t\t<h1 class=\"elementor-heading-title elementor-size-large\">Predstavitev <\/h1>\t\t<\/div>\n\t\t\t\t<\/div>\n\t\t\t\t<div class=\"elementor-element elementor-element-3c9fec20 elementor-widget-divider--view-line elementor-widget elementor-widget-divider\" data-id=\"3c9fec20\" data-element_type=\"widget\" data-widget_type=\"divider.default\">\n\t\t\t\t<div class=\"elementor-widget-container\">\n\t\t\t\t\t<div class=\"elementor-divider\">\n\t\t\t<span class=\"elementor-divider-separator\">\n\t\t\t\t\t\t<\/span>\n\t\t<\/div>\n\t\t\t\t<\/div>\n\t\t\t\t<\/div>\n\t\t\t\t<div class=\"elementor-element elementor-element-19fd5ef elementor-widget elementor-widget-text-editor\" data-id=\"19fd5ef\" data-element_type=\"widget\" data-widget_type=\"text-editor.default\">\n\t\t\t\t<div class=\"elementor-widget-container\">\n\t\t\t\t\t\t\t\t<div class=\"elementor-text-editor elementor-clearfix\">\n\t\t\t\t\t<p style=\"font-weight: 400;\">Kot eno od kvalitetnih podjetij za projektiranje in in\u017eeniring naprav za pripravo pitne in \u010di\u0161\u010denje odpadne vode, nudimo optimalne re\u0161itve, ki temeljijo na na\u0161ih izku\u0161njah ter razvoju tehnike v svetu.<\/p><p style=\"font-weight: 400;\">Na\u0161e stranke se odlo\u010dajo za nas zaradi mo\u017enosti izbire razli\u010dnih tehnologij ter zaupanja v ve\u010d kot 30 letno tradicijo. Zanesljiva kvaliteta, dolgoletne izku\u0161nje ter najnovej\u0161e tehnolo\u0161ke re\u0161itve so zdru\u017eene v kon\u010dnem izdelku ter s tem v zadovoljstvu kupca.<\/p><p style=\"font-weight: 400;\">V prihodnosti bo skrb za na\u0161e okolje in vode \u0161e pomembnej\u0161a. Zato je na\u0161 cilj pripraviti \u010disto vodo za kvalitetno skupno prihodnost.<\/p>\t\t\t\t\t<\/div>\n\t\t\t\t\t\t<\/div>\n\t\t\t\t<\/div>\n\t\t\t\t\t\t<\/div>\n\t\t\t\t\t<\/div>\n\t\t<\/div>\n\t\t\t\t\t\t\t\t<\/div>\n\t\t\t\t\t<\/div>\n\t\t<\/section>\n\t\t\t\t\t\t<\/div>\n\t\t\t\t\t\t<\/div>\n\t\t\t\t\t<\/div>\n\t\t","protected":false},"excerpt":{"rendered":"<p>Predstavitev Kot eno od kvalitetnih podjetij za projektiranje in in\u017eeniring naprav za pripravo pitne in \u010di\u0161\u010denje odpadne vode, nudimo optimalne re\u0161itve, ki temeljijo na na\u0161ih izku\u0161njah ter razvoju tehnike v svetu. Na\u0161e stranke se odlo\u010dajo za nas zaradi mo\u017enosti izbire razli\u010dnih tehnologij ter zaupanja v ve\u010d kot 30 letno tradicijo. Zanesljiva kvaliteta, dolgoletne izku\u0161nje ter [&hellip;]<\/p>\n","protected":false},"author":1,"featured_media":0,"parent":0,"menu_order":0,"comment_status":"closed","ping_status":"closed","template":"elementor_header_footer","meta":[],"yoast_head":"<!-- This site is optimized with the Yoast SEO plugin v16.7 - https:\/\/yoast.com\/wordpress\/plugins\/seo\/ -->\n<title>Predstavitev - Haslauer<\/title>\n<meta name=\"robots\" content=\"index, follow, max-snippet:-1, max-image-preview:large, max-video-preview:-1\" \/>\n<link rel=\"canonical\" href=\"https:\/\/www.haslauer.si\/dev\/predstavitev-podjetja\/\" \/>\n<meta property=\"og:locale\" content=\"en_US\" \/>\n<meta property=\"og:type\" content=\"article\" \/>\n<meta property=\"og:title\" content=\"Predstavitev - Haslauer\" \/>\n<meta property=\"og:description\" content=\"Predstavitev Kot eno od kvalitetnih podjetij za projektiranje in in\u017eeniring naprav za pripravo pitne in \u010di\u0161\u010denje odpadne vode, nudimo optimalne re\u0161itve, ki temeljijo na na\u0161ih izku\u0161njah ter razvoju tehnike v svetu. Na\u0161e stranke se odlo\u010dajo za nas zaradi mo\u017enosti izbire razli\u010dnih tehnologij ter zaupanja v ve\u010d kot 30 letno tradicijo. Zanesljiva kvaliteta, dolgoletne izku\u0161nje ter [&hellip;]\" \/>\n<meta property=\"og:url\" content=\"https:\/\/www.haslauer.si\/dev\/predstavitev-podjetja\/\" \/>\n<meta property=\"og:site_name\" content=\"Haslauer\" \/>\n<meta property=\"article:modified_time\" content=\"2021-01-16T13:41:42+00:00\" \/>\n<meta name=\"twitter:card\" content=\"summary_large_image\" \/>\n<meta name=\"twitter:label1\" content=\"Est. reading time\" \/>\n\t<meta name=\"twitter:data1\" content=\"1 minute\" \/>\n<script type=\"application\/ld+json\" class=\"yoast-schema-graph\">{\"@context\":\"https:\/\/schema.org\",\"@graph\":[{\"@type\":\"WebSite\",\"@id\":\"https:\/\/www.haslauer.si\/dev\/#website\",\"url\":\"https:\/\/www.haslauer.si\/dev\/\",\"name\":\"Haslauer\",\"description\":\"\",\"potentialAction\":[{\"@type\":\"SearchAction\",\"target\":{\"@type\":\"EntryPoint\",\"urlTemplate\":\"https:\/\/www.haslauer.si\/dev\/?s={search_term_string}\"},\"query-input\":\"required name=search_term_string\"}],\"inLanguage\":\"en\"},{\"@type\":\"WebPage\",\"@id\":\"https:\/\/www.haslauer.si\/dev\/predstavitev-podjetja\/#webpage\",\"url\":\"https:\/\/www.haslauer.si\/dev\/predstavitev-podjetja\/\",\"name\":\"Predstavitev - Haslauer\",\"isPartOf\":{\"@id\":\"https:\/\/www.haslauer.si\/dev\/#website\"},\"datePublished\":\"2020-12-29T15:26:34+00:00\",\"dateModified\":\"2021-01-16T13:41:42+00:00\",\"breadcrumb\":{\"@id\":\"https:\/\/www.haslauer.si\/dev\/predstavitev-podjetja\/#breadcrumb\"},\"inLanguage\":\"en\",\"potentialAction\":[{\"@type\":\"ReadAction\",\"target\":[\"https:\/\/www.haslauer.si\/dev\/predstavitev-podjetja\/\"]}]},{\"@type\":\"BreadcrumbList\",\"@id\":\"https:\/\/www.haslauer.si\/dev\/predstavitev-podjetja\/#breadcrumb\",\"itemListElement\":[{\"@type\":\"ListItem\",\"position\":1,\"name\":\"Home\",\"item\":\"https:\/\/www.haslauer.si\/dev\/\"},{\"@type\":\"ListItem\",\"position\":2,\"name\":\"Predstavitev\"}]}]}<\/script>\n<!-- \/ Yoast SEO plugin. -->","yoast_head_json":{"title":"Predstavitev - Haslauer","robots":{"index":"index","follow":"follow","max-snippet":"max-snippet:-1","max-image-preview":"max-image-preview:large","max-video-preview":"max-video-preview:-1"},"canonical":"https:\/\/www.haslauer.si\/dev\/predstavitev-podjetja\/","og_locale":"en_US","og_type":"article","og_title":"Predstavitev - Haslauer","og_description":"Predstavitev Kot eno od kvalitetnih podjetij za projektiranje in in\u017eeniring naprav za pripravo pitne in \u010di\u0161\u010denje odpadne vode, nudimo optimalne re\u0161itve, ki temeljijo na na\u0161ih izku\u0161njah ter razvoju tehnike v svetu. Na\u0161e stranke se odlo\u010dajo za nas zaradi mo\u017enosti izbire razli\u010dnih tehnologij ter zaupanja v ve\u010d kot 30 letno tradicijo. Zanesljiva kvaliteta, dolgoletne izku\u0161nje ter [&hellip;]","og_url":"https:\/\/www.haslauer.si\/dev\/predstavitev-podjetja\/","og_site_name":"Haslauer","article_modified_time":"2021-01-16T13:41:42+00:00","twitter_card":"summary_large_image","twitter_misc":{"Est. reading time":"1 minute"},"schema":{"@context":"https:\/\/schema.org","@graph":[{"@type":"WebSite","@id":"https:\/\/www.haslauer.si\/dev\/#website","url":"https:\/\/www.haslauer.si\/dev\/","name":"Haslauer","description":"","potentialAction":[{"@type":"SearchAction","target":{"@type":"EntryPoint","urlTemplate":"https:\/\/www.haslauer.si\/dev\/?s={search_term_string}"},"query-input":"required name=search_term_string"}],"inLanguage":"en"},{"@type":"WebPage","@id":"https:\/\/www.haslauer.si\/dev\/predstavitev-podjetja\/#webpage","url":"https:\/\/www.haslauer.si\/dev\/predstavitev-podjetja\/","name":"Predstavitev - Haslauer","isPartOf":{"@id":"https:\/\/www.haslauer.si\/dev\/#website"},"datePublished":"2020-12-29T15:26:34+00:00","dateModified":"2021-01-16T13:41:42+00:00","breadcrumb":{"@id":"https:\/\/www.haslauer.si\/dev\/predstavitev-podjetja\/#breadcrumb"},"inLanguage":"en","potentialAction":[{"@type":"ReadAction","target":["https:\/\/www.haslauer.si\/dev\/predstavitev-podjetja\/"]}]},{"@type":"BreadcrumbList","@id":"https:\/\/www.haslauer.si\/dev\/predstavitev-podjetja\/#breadcrumb","itemListElement":[{"@type":"ListItem","position":1,"name":"Home","item":"https:\/\/www.haslauer.si\/dev\/"},{"@type":"ListItem","position":2,"name":"Predstavitev"}]}]}},"_links":{"self":[{"href":"https:\/\/www.haslauer.si\/dev\/wp-json\/wp\/v2\/pages\/209"}],"collection":[{"href":"https:\/\/www.haslauer.si\/dev\/wp-json\/wp\/v2\/pages"}],"about":[{"href":"https:\/\/www.haslauer.si\/dev\/wp-json\/wp\/v2\/types\/page"}],"author":[{"embeddable":true,"href":"https:\/\/www.haslauer.si\/dev\/wp-json\/wp\/v2\/users\/1"}],"replies":[{"embeddable":true,"href":"https:\/\/www.haslauer.si\/dev\/wp-json\/wp\/v2\/comments?post=209"}],"version-history":[{"count":0,"href":"https:\/\/www.haslauer.si\/dev\/wp-json\/wp\/v2\/pages\/209\/revisions"}],"wp:attachment":[{"href":"https:\/\/www.haslauer.si\/dev\/wp-json\/wp\/v2\/media?parent=209"}],"curies":[{"name":"wp","href":"https:\/\/api.w.org\/{rel}","templated":true}]}}